{"id":880,"date":"2018-08-08T18:45:48","date_gmt":"2018-08-08T18:45:48","guid":{"rendered":"https:\/\/actuacionennewyork.com\/?page_id=2"},"modified":"2024-05-15T11:19:38","modified_gmt":"2024-05-15T11:19:38","slug":"inicio-2","status":"publish","type":"page","link":"https:\/\/ny-aa.com\/espanol\/","title":{"rendered":"Inicio"},"content":{"rendered":"<p>[vc_row][vc_column][masterslider_pb alias=&#8221;ms-98-1&#8243;][\/vc_column][\/vc_row][vc_row][vc_column][vc_empty_space][vc_custom_heading text=&#8221;SEMINARIOS INTENSIVOS EN ESPA\u00d1OL&#8221; font_container=&#8221;tag:h1|text_align:center&#8221; google_fonts=&#8221;font_family:Lato%3A100%2C100italic%2C300%2C300italic%2Cregular%2Citalic%2C700%2C700italic%2C900%2C900italic|font_style:300%20light%20regular%3A300%3Anormal&#8221; css_animation=&#8221;fadeIn&#8221;]<div class=\"dt-fancy-separator h3-size\" style=\"width: 100%;\"><div class=\"dt-fancy-title\" style=\"color: #fcfcfc;\"><span class=\"separator-holder separator-left\"><\/span>PARA ESTUDIANTES Y PROFESIONALES DE LA ACTUACI\u00d3N<span class=\"separator-holder separator-right\"><\/span><\/div><\/div>[vc_row_inner][vc_column_inner width=&#8221;1\/2&#8243;][vc_empty_space height=&#8221;82px&#8221;][vc_column_text css_animation=&#8221;fadeIn&#8221;]<\/p>\n<p style=\"text-align: justify;\"><span style=\"font-size: 12pt; color: #ffffff;\">Presentamos la experiencia mas importante en educaci\u00f3n en actuaci\u00f3n a nivel mundial en la ciudad de New York.<\/span><\/p>\n<p style=\"text-align: justify;\"><span style=\"font-size: 12pt; color: #ffffff;\">Capacitate y entrena con seminarios y workshops dictados por los maestros\u00a0 residentes de los mas prestigiosos institutos de la ciudad y en espa\u00f1ol!<\/span><\/p>\n<p style=\"text-align: justify;\"><span style=\"font-size: 12pt; color: #ffffff;\"><span style=\"color: #00ccff;\"><a style=\"color: #00ccff;\" href=\"http:\/\/www.NY-AA.com\"><strong>THE NEW YORK ACTING ALLIANCE<\/strong><\/a><\/span><\/span><span style=\"color: #ffffff;\"> <span style=\"font-size: 12pt;\">t<\/span><span style=\"font-size: 12pt;\">e<\/span><span style=\"font-size: 12pt;\"> ofrece un pro<\/span><\/span><span style=\"font-size: 12pt; color: #ffffff;\">grama de estudios que re\u00fane los m\u00e9todos de actuaci\u00f3n que formaron a las mas grandes figuras del cine y el teatro mundial en un solo lugar y en un mismo seminario.<\/span><\/p>\n<p><span style=\"font-size: 12pt; color: #ffffff;\">Con grupos reducidos y recibiendo a actores y actrices inspirados desde todas partes del\u00a0 mundo!<\/span>[\/vc_column_text][vc_column_text]<\/p>\n<p style=\"text-align: left;\"><span style=\"font-size: 12pt;\"><span style=\"color: #999999;\"><span style=\"color: #00ccff;\">ESTUDIA ACTUACION EN NEW YORK<\/span><b>\u00a9 <\/b>es la denominaci\u00f3n de los programas de formacion en espanol de <span style=\"color: #00ccff;\"><strong>THE NEW YORK ACTING ALLIANCE .<\/strong><\/span><\/span><\/span><\/p>\n<p>[\/vc_column_text][\/vc_column_inner][vc_column_inner width=&#8221;1\/2&#8243;][vc_empty_space][vc_empty_space][vc_single_image image=&#8221;853&#8243; img_size=&#8221;full&#8221; alignment=&#8221;center&#8221; css_animation=&#8221;bounceIn&#8221;][\/vc_column_inner][\/vc_row_inner][vc_empty_space height=&#8221;22px&#8221;][vc_separator][vc_empty_space height=&#8221;22px&#8221;][vc_custom_heading text=&#8221;NUESTROS SEMINARIOS INTENSIVOS 2024&#8243; font_container=&#8221;tag:h1|text_align:center&#8221; google_fonts=&#8221;font_family:Lato%3A100%2C100italic%2C300%2C300italic%2Cregular%2Citalic%2C700%2C700italic%2C900%2C900italic|font_style:300%20light%20regular%3A300%3Anormal&#8221; css_animation=&#8221;bounceIn&#8221;][vc_empty_space height=&#8221;22px&#8221;][vc_row_inner equal_height=&#8221;yes&#8221;][vc_column_inner width=&#8221;1\/2&#8243;][vc_single_image image=&#8221;908&#8243; img_size=&#8221;full&#8221; alignment=&#8221;center&#8221;][vc_column_text css_animation=&#8221;fadeIn&#8221;]<span style=\"color: #ffffff;\">Registrate ahora para nuestro unico seminario en espanol del 2024!<\/span>[\/vc_column_text][\/vc_column_inner][vc_column_inner width=&#8221;1\/2&#8243;][vc_single_image image=&#8221;918&#8243; img_size=&#8221;full&#8221; alignment=&#8221;center&#8221;][vc_column_text css_animation=&#8221;fadeIn&#8221;][\/vc_column_text][\/vc_column_inner][\/vc_row_inner][vc_empty_space][\/vc_column][\/vc_row][vc_row type=&#8221;vc_default&#8221; full_width=&#8221;stretch_row&#8221; content_placement=&#8221;top&#8221; parallax=&#8221;content-moving&#8221; parallax_image=&#8221;57&#8243; bg_type=&#8221;bg_color&#8221; bg_override=&#8221;ex-full&#8221;][vc_column width=&#8221;2\/3&#8243;][vc_video link=&#8221;https:\/\/vimeo.com\/728174554&#8243; css_animation=&#8221;fadeIn&#8221;][vc_empty_space height=&#8221;62px&#8221;][\/vc_column][vc_column width=&#8221;1\/3&#8243;][vc_empty_space height=&#8221;52px&#8221;][vc_custom_heading text=&#8221;ABIERTA LA INSCRIPCI\u00d3N&#8221; font_container=&#8221;tag:h1|text_align:center|color:%230166bf&#8221; google_fonts=&#8221;font_family:Lato%3A100%2C100italic%2C300%2C300italic%2Cregular%2Citalic%2C700%2C700italic%2C900%2C900italic|font_style:300%20light%20regular%3A300%3Anormal&#8221; css_animation=&#8221;fadeIn&#8221;][vc_custom_heading text=&#8221;SEMINARIO DE ACTUACI\u00d3N EN ESPA\u00d1OL&#8221; font_container=&#8221;tag:h3|text_align:center|color:%23ffffff&#8221; google_fonts=&#8221;font_family:Lato%3A100%2C100italic%2C300%2C300italic%2Cregular%2Citalic%2C700%2C700italic%2C900%2C900italic|font_style:300%20light%20regular%3A300%3Anormal&#8221; css_animation=&#8221;bounceIn&#8221;][vc_column_text css_animation=&#8221;fadeIn&#8221;]<\/p>\n<p style=\"text-align: center;\"><span style=\"font-size: 14pt; color: #ffffff;\">28 de Octubre al 9 de Noviembre de 2024<br \/>\nSolo 10 vacantes disponibles<\/span><\/p>\n<p>[\/vc_column_text][vc_row_inner][vc_column_inner width=&#8221;1\/2&#8243;]<style type=\"text\/css\">#dt-btn-1 {color: #ffffff;border-color: #ffffff;}#dt-btn-1 > .text-wrap * {color: #ffffff;}#dt-btn-1:hover {color: #1e73be;border-color: #1e73be;}#dt-btn-1:hover > .text-wrap * {color: #1e73be;}<\/style><div class=\"text-centered\"><a href=\"https:\/\/ny-aa.com\/espanol\/admision\/\" class=\"btn-shortcode dt-btn-l dt-btn outline-btn custom-btn-color custom-btn-hover-color fadeIn animate-element animation-builder\" id=\"dt-btn-1\"><span>ADMISION<\/span><\/a><\/div>[\/vc_column_inner][vc_column_inner width=&#8221;1\/2&#8243;]<style type=\"text\/css\">#dt-btn-2 {color: #ffffff;border-color: #ffffff;}#dt-btn-2 > .text-wrap * {color: #ffffff;}#dt-btn-2:hover {color: #1e73be;border-color: #1e73be;}#dt-btn-2:hover > .text-wrap * {color: #1e73be;}<\/style><div class=\"text-centered\"><a href=\"https:\/\/ny-aa.com\/espanol\/contacto\/\" class=\"btn-shortcode dt-btn-l dt-btn outline-btn custom-btn-color custom-btn-hover-color fadeIn animate-element animation-builder\" id=\"dt-btn-2\"><span>CONTACTANOS<\/span><\/a><\/div>[\/vc_column_inner][\/vc_row_inner][vc_empty_space height=&#8221;52px&#8221;][\/vc_column][\/vc_row][vc_row type=&#8221;vc_default&#8221; full_width=&#8221;stretch_row_content_no_spaces&#8221; parallax=&#8221;content-moving&#8221; css_animation=&#8221;fadeIn&#8221; bg_type=&#8221;grad&#8221; bg_grad=&#8221;background: -webkit-gradient(linear, left top, left bottom, color-stop(0%, #FAFAFA), color-stop(97%, #E3E3E3));background: -moz-linear-gradient(left,#FAFAFA 0%,#E3E3E3 97%);background: -webkit-linear-gradient(left,#FAFAFA 0%,#E3E3E3 97%);background: -o-linear-gradient(left,#FAFAFA 0%,#E3E3E3 97%);background: -ms-linear-gradient(left,#FAFAFA 0%,#E3E3E3 97%);background: linear-gradient(left,#FAFAFA 0%,#E3E3E3 97%);&#8221;][vc_column][vc_custom_heading text=&#8221;TU TAMBI\u00c9N PUEDES SER UNO DE ELLOS&#8221; font_container=&#8221;tag:h1|font_size:36|text_align:center|color:%23232323&#8243; google_fonts=&#8221;font_family:Lato%3A100%2C100italic%2C300%2C300italic%2Cregular%2Citalic%2C700%2C700italic%2C900%2C900italic|font_style:300%20light%20regular%3A300%3Anormal&#8221; css_animation=&#8221;bounceIn&#8221;][vc_row_inner][vc_column_inner width=&#8221;1\/4&#8243;][vc_single_image image=&#8221;814&#8243; img_size=&#8221;full&#8221; alignment=&#8221;center&#8221; onclick=&#8221;link_image&#8221; css_animation=&#8221;fadeIn&#8221;][\/vc_column_inner][vc_column_inner width=&#8221;1\/4&#8243;][vc_single_image image=&#8221;815&#8243; img_size=&#8221;full&#8221; alignment=&#8221;center&#8221; onclick=&#8221;link_image&#8221; css_animation=&#8221;fadeIn&#8221;][\/vc_column_inner][vc_column_inner width=&#8221;1\/4&#8243;][vc_single_image image=&#8221;816&#8243; img_size=&#8221;full&#8221; alignment=&#8221;center&#8221; onclick=&#8221;link_image&#8221; css_animation=&#8221;fadeIn&#8221;][\/vc_column_inner][vc_column_inner width=&#8221;1\/4&#8243;][vc_single_image image=&#8221;820&#8243; img_size=&#8221;full&#8221; alignment=&#8221;center&#8221; onclick=&#8221;link_image&#8221; css_animation=&#8221;fadeIn&#8221;][\/vc_column_inner][\/vc_row_inner][\/vc_column][\/vc_row][vc_row type=&#8221;vc_default&#8221; full_width=&#8221;stretch_row_content_no_spaces&#8221;][vc_column][vc_custom_heading text=&#8221;S\u00cdGUENOS EN NUESTRAS REDES SOCIALES&#8221; font_container=&#8221;tag:h2|font_size:24|text_align:center&#8221; google_fonts=&#8221;font_family:Lato%3A100%2C100italic%2C300%2C300italic%2Cregular%2Citalic%2C700%2C700italic%2C900%2C900italic|font_style:300%20light%20regular%3A300%3Anormal&#8221; css_animation=&#8221;bounceIn&#8221;][vc_column_text][instagram-feed][\/vc_column_text][\/vc_column][\/vc_row]<\/p>\n","protected":false},"excerpt":{"rendered":"<p>[vc_row][vc_column][masterslider_pb alias=&#8221;ms-98-1&#8243;][\/vc_column][\/vc_row][vc_row][vc_column][vc_empty_space][vc_custom_heading text=&#8221;SEMINARIOS INTENSIVOS EN ESPA\u00d1OL&#8221; font_container=&#8221;tag:h1|text_align:center&#8221; google_fonts=&#8221;font_family:Lato%3A100%2C100italic%2C300%2C300italic%2Cregular%2Citalic%2C700%2C700italic%2C900%2C900italic|font_style:300%20light%20regular%3A300%3Anormal&#8221; css_animation=&#8221;fadeIn&#8221;][vc_row_inner][vc_column_inner width=&#8221;1\/2&#8243;][vc_empty_space height=&#8221;82px&#8221;][vc_column_text css_animation=&#8221;fadeIn&#8221;] Presentamos la experiencia mas importante en educaci\u00f3n en actuaci\u00f3n a nivel mundial en la ciudad de New York. Capacitate y entrena con seminarios y workshops dictados por los maestros\u00a0 residentes de los mas prestigiosos institutos de la ciudad y en espa\u00f1ol! THE NEW&hellip;<\/p>\n","protected":false},"author":1,"featured_media":0,"parent":0,"menu_order":0,"comment_status":"closed","ping_status":"open","template":"","meta":{"footnotes":""},"class_list":["post-880","page","type-page","status-publish","hentry","description-off"],"_links":{"self":[{"href":"https:\/\/ny-aa.com\/espanol\/wp-json\/wp\/v2\/pages\/880","targetHints":{"allow":["GET"]}}],"collection":[{"href":"https:\/\/ny-aa.com\/espanol\/wp-json\/wp\/v2\/pages"}],"about":[{"href":"https:\/\/ny-aa.com\/espanol\/wp-json\/wp\/v2\/types\/page"}],"author":[{"embeddable":true,"href":"https:\/\/ny-aa.com\/espanol\/wp-json\/wp\/v2\/users\/1"}],"replies":[{"embeddable":true,"href":"https:\/\/ny-aa.com\/espanol\/wp-json\/wp\/v2\/comments?post=880"}],"version-history":[{"count":12,"href":"https:\/\/ny-aa.com\/espanol\/wp-json\/wp\/v2\/pages\/880\/revisions"}],"predecessor-version":[{"id":919,"href":"https:\/\/ny-aa.com\/espanol\/wp-json\/wp\/v2\/pages\/880\/revisions\/919"}],"wp:attachment":[{"href":"https:\/\/ny-aa.com\/espanol\/wp-json\/wp\/v2\/media?parent=880"}],"curies":[{"name":"wp","href":"https:\/\/api.w.org\/{rel}","templated":true}]}}