{"id":869,"date":"2018-08-08T19:34:03","date_gmt":"2018-08-08T19:34:03","guid":{"rendered":"https:\/\/actuacionennewyork.com\/?page_id=12"},"modified":"2024-05-14T19:45:39","modified_gmt":"2024-05-14T19:45:39","slug":"intensivos-en-espanol-2","status":"publish","type":"page","link":"https:\/\/ny-aa.com\/espanol\/intensivos-en-espanol-2\/","title":{"rendered":"Intensivos en Espa\u00f1ol"},"content":{"rendered":"<p>[vc_row][vc_column][vc_empty_space][vc_custom_heading text=&#8221;INTENSIVOS EN ESPA\u00d1OL&#8221; font_container=&#8221;tag:h1|text_align:center&#8221; google_fonts=&#8221;font_family:Lato%3A100%2C100italic%2C300%2C300italic%2Cregular%2Citalic%2C700%2C700italic%2C900%2C900italic|font_style:300%20light%20regular%3A300%3Anormal&#8221; css_animation=&#8221;fadeIn&#8221;][vc_separator color=&#8221;sky&#8221; el_width=&#8221;50&#8243; css_animation=&#8221;bounceIn&#8221;][vc_custom_heading text=&#8221;Nuestros seminarios est\u00e1n dirigidos a estudiantes y profesionales de la actuaci\u00f3n quienes deseen aumentar el rango de posibilidades interpretativas, desde la preparaci\u00f3n del instrumento del actor hasta el trabajo de las acciones en escena. Cada a\u00f1o ofrecemos distintos seminarios intensivos de formaci\u00f3n y entrenamiento en espa\u00f1ol abordando textos cl\u00e1sicos y modernos de actuaci\u00f3n para teatro, y actuaci\u00f3n frente a c\u00e1mara con experiencias de rodaje.<br \/>\nLes presentamos nuestras dos opciones de experiencia educativa para nuestro seminario Octubre 2023:&#8221; font_container=&#8221;tag:h3|font_size:22|text_align:center&#8221; google_fonts=&#8221;font_family:Lato%3A100%2C100italic%2C300%2C300italic%2Cregular%2Citalic%2C700%2C700italic%2C900%2C900italic|font_style:300%20light%20regular%3A300%3Anormal&#8221; css_animation=&#8221;fadeIn&#8221;][vc_empty_space][vc_single_image image=&#8221;857&#8243; img_size=&#8221;large&#8221; alignment=&#8221;center&#8221;][\/vc_column][\/vc_row][vc_row type=&#8221;vc_default&#8221; full_width=&#8221;stretch_row&#8221; bg_type=&#8221;bg_color&#8221; bg_color_value=&#8221;#00baba&#8221;][vc_column width=&#8221;1\/2&#8243;][vc_custom_heading text=&#8221;EDUCATION EXPERIENCE PROGRAM&#8221; font_container=&#8221;tag:h2|text_align:center|color:%23ffffff&#8221; google_fonts=&#8221;font_family:Lato%3A100%2C100italic%2C300%2C300italic%2Cregular%2Citalic%2C700%2C700italic%2C900%2C900italic|font_style:400%20regular%3A400%3Anormal&#8221; css_animation=&#8221;fadeInDown&#8221;][vc_column_text css_animation=&#8221;fadeIn&#8221;]<\/p>\n<p style=\"text-align: center;\"><span style=\"font-size: 22pt; color: #000000;\">NYAA ACTING<\/span><\/p>\n<p>[\/vc_column_text][\/vc_column][vc_column width=&#8221;1\/2&#8243;][vc_custom_heading text=&#8221;SUPERIOR EXPERIENCE PROGRAM&#8221; font_container=&#8221;tag:h2|text_align:center|color:%23ffffff&#8221; google_fonts=&#8221;font_family:Lato%3A100%2C100italic%2C300%2C300italic%2Cregular%2Citalic%2C700%2C700italic%2C900%2C900italic|font_style:400%20regular%3A400%3Anormal&#8221; css_animation=&#8221;fadeInDown&#8221;][vc_column_text css_animation=&#8221;fadeIn&#8221;]<\/p>\n<p style=\"text-align: center;\"><span style=\"font-size: 22pt; color: #000000;\">NYAA ACTING + NYAA FILM<\/span><\/p>\n<p>[\/vc_column_text][\/vc_column][\/vc_row][vc_row][vc_column][vc_empty_space height=&#8221;52px&#8221;][vc_row_inner][vc_column_inner width=&#8221;1\/2&#8243;][vc_custom_heading text=&#8221;NYAA ACTING&#8221; font_container=&#8221;tag:h3|font_size:36|text_align:left&#8221; google_fonts=&#8221;font_family:Lato%3A100%2C100italic%2C300%2C300italic%2Cregular%2Citalic%2C700%2C700italic%2C900%2C900italic|font_style:300%20light%20regular%3A300%3Anormal&#8221; css_animation=&#8221;fadeInDown&#8221;][vc_separator align=&#8221;align_left&#8221; el_width=&#8221;20&#8243; css_animation=&#8221;fadeIn&#8221;][vc_column_text css_animation=&#8221;fadeIn&#8221;]<span style=\"font-size: 12pt;\">Programa intensivo de formaci\u00f3n que aborda el trabajo en escena de textos cl\u00e1sicos y modernos utilizando las diferentes t\u00e9cnicas de actuaci\u00f3n implementadas por el Actors Studio y que han dado al mundo del cine y teatro las actuaciones mas org\u00e1nicas, reales y verdaderas.<\/span><\/p>\n<p><span style=\"font-size: 12pt;\"><i><b>Method Acting<\/b><\/i><\/span><\/p>\n<p><span style=\"font-size: 12pt;\"><i><b>Uta Hagen Technique<\/b><\/i><\/span><\/p>\n<p><span style=\"font-size: 12pt;\"><i><b>Building a Character<\/b><\/i><\/span><\/p>\n<p><span style=\"font-size: 12pt;\"><i><b>Yoga for the actor<\/b><\/i><\/span><\/p>\n<p><span style=\"font-size: 12pt;\">Duraci\u00f3n de 5 y 10 clases de 5 y 6 horas.<\/span>[\/vc_column_text][vc_empty_space height=&#8221;52px&#8221;][\/vc_column_inner][vc_column_inner width=&#8221;1\/2&#8243;][vc_empty_space height=&#8221;52px&#8221;][vc_single_image image=&#8221;860&#8243; img_size=&#8221;full&#8221; alignment=&#8221;center&#8221; css_animation=&#8221;fadeIn&#8221;][\/vc_column_inner][\/vc_row_inner][vc_row_inner][vc_column_inner width=&#8221;2\/3&#8243;][vc_video link=&#8221;https:\/\/vimeo.com\/728174554&#8243; align=&#8221;center&#8221; css_animation=&#8221;fadeIn&#8221;][\/vc_column_inner][vc_column_inner width=&#8221;1\/3&#8243;][vc_custom_heading text=&#8221;NYAA FILM&#8221; font_container=&#8221;tag:h3|font_size:36|text_align:left&#8221; google_fonts=&#8221;font_family:Lato%3A100%2C100italic%2C300%2C300italic%2Cregular%2Citalic%2C700%2C700italic%2C900%2C900italic|font_style:300%20light%20regular%3A300%3Anormal&#8221; css_animation=&#8221;fadeInDown&#8221;][vc_separator align=&#8221;align_left&#8221; el_width=&#8221;30&#8243; css_animation=&#8221;fadeIn&#8221;][vc_column_text css_animation=&#8221;fadeIn&#8221;]<\/p>\n<p style=\"text-align: left;\"><span style=\"font-size: 12pt;\">Programa de estructura dramatica y composicion de personaje.<\/span><\/p>\n<p style=\"text-align: left;\"><span style=\"font-size: 12pt;\">Proporcionamos guiones de escenas especialmente escritas para cada seminario.<\/span><\/p>\n<p style=\"text-align: left;\"><span style=\"font-size: 12pt;\">Rodamos y dirigimos las escenas en locaciones ic\u00f3nicas de la ciudad.<\/span><\/p>\n<p style=\"text-align: left;\"><span style=\"font-size: 12pt;\">Cada alumno dispondr\u00e1 de su material f\u00edlmico para sumarlo a su reel profesional.<\/span><\/p>\n<p style=\"text-align: left;\"><span style=\"font-size: 12pt;\">Duraci\u00f3n de 5 y 10 clases de 5 y 6 horas.<\/span><\/p>\n<p>[\/vc_column_text][\/vc_column_inner][\/vc_row_inner][\/vc_column][\/vc_row][vc_row type=&#8221;vc_default&#8221; full_width=&#8221;stretch_row_content&#8221; content_placement=&#8221;top&#8221; parallax=&#8221;content-moving&#8221; parallax_image=&#8221;57&#8243; bg_type=&#8221;bg_color&#8221; bg_override=&#8221;ex-full&#8221;][vc_column width=&#8221;1\/4&#8243;][\/vc_column][vc_column width=&#8221;1\/2&#8243;][vc_empty_space][vc_custom_heading text=&#8221;ABIERTA LA INSCRIPCI\u00d3N&#8221; font_container=&#8221;tag:h1|text_align:center|color:%230166bf&#8221; google_fonts=&#8221;font_family:Lato%3A100%2C100italic%2C300%2C300italic%2Cregular%2Citalic%2C700%2C700italic%2C900%2C900italic|font_style:300%20light%20regular%3A300%3Anormal&#8221; css_animation=&#8221;fadeIn&#8221;][vc_custom_heading text=&#8221;SEMINARIO DE ACTUACI\u00d3N EN ESPA\u00d1OL&#8221; font_container=&#8221;tag:h2|text_align:center|color:%23ffffff&#8221; google_fonts=&#8221;font_family:Lato%3A100%2C100italic%2C300%2C300italic%2Cregular%2Citalic%2C700%2C700italic%2C900%2C900italic|font_style:300%20light%20regular%3A300%3Anormal&#8221; css_animation=&#8221;bounceIn&#8221;][vc_column_text css_animation=&#8221;fadeIn&#8221;]<\/p>\n<p style=\"text-align: center;\"><span style=\"font-size: 18pt; color: #ffffff;\"><span style=\"font-size: 14pt; color: #ffffff;\">28 de Octubre al 9 de Noviembre de 2024<\/span><br \/>\nSolo 10 vacantes disponibles<\/span><\/p>\n<p>[\/vc_column_text][vc_row_inner][vc_column_inner width=&#8221;1\/2&#8243;]<style type=\"text\/css\">#dt-btn-1 {color: #ffffff;border-color: #ffffff;}#dt-btn-1 > .text-wrap * {color: #ffffff;}#dt-btn-1:hover {color: #1e73be;border-color: #1e73be;}#dt-btn-1:hover > .text-wrap * {color: #1e73be;}<\/style><div class=\"text-centered\"><a href=\"https:\/\/ny-aa.com\/espanol\/admision\/\" class=\"btn-shortcode dt-btn-l dt-btn outline-btn custom-btn-color custom-btn-hover-color fadeIn animate-element animation-builder\" id=\"dt-btn-1\"><span>ADMISION<\/span><\/a><\/div>[\/vc_column_inner][vc_column_inner width=&#8221;1\/2&#8243;]<style type=\"text\/css\">#dt-btn-2 {color: #ffffff;border-color: #ffffff;}#dt-btn-2 > .text-wrap * {color: #ffffff;}#dt-btn-2:hover {color: #1e73be;border-color: #1e73be;}#dt-btn-2:hover > .text-wrap * {color: #1e73be;}<\/style><div class=\"text-centered\"><a href=\"https:\/\/ny-aa.com\/espanol\/contacto\/\" class=\"btn-shortcode dt-btn-l dt-btn outline-btn custom-btn-color custom-btn-hover-color fadeIn animate-element animation-builder\" id=\"dt-btn-2\"><span>CONTACTANOS<\/span><\/a><\/div>[\/vc_column_inner][\/vc_row_inner][vc_empty_space][\/vc_column][vc_column width=&#8221;1\/4&#8243;][\/vc_column][\/vc_row]<\/p>\n","protected":false},"excerpt":{"rendered":"<p>[vc_row][vc_column][vc_empty_space][vc_custom_heading text=&#8221;INTENSIVOS EN ESPA\u00d1OL&#8221; font_container=&#8221;tag:h1|text_align:center&#8221; google_fonts=&#8221;font_family:Lato%3A100%2C100italic%2C300%2C300italic%2Cregular%2Citalic%2C700%2C700italic%2C900%2C900italic|font_style:300%20light%20regular%3A300%3Anormal&#8221; css_animation=&#8221;fadeIn&#8221;][vc_separator color=&#8221;sky&#8221; el_width=&#8221;50&#8243; css_animation=&#8221;bounceIn&#8221;][vc_custom_heading text=&#8221;Nuestros seminarios est\u00e1n dirigidos a estudiantes y profesionales de la actuaci\u00f3n quienes deseen aumentar el rango de posibilidades interpretativas, desde la preparaci\u00f3n del instrumento del actor hasta el trabajo de las acciones en escena. Cada a\u00f1o ofrecemos distintos seminarios intensivos de formaci\u00f3n y entrenamiento en&hellip;<\/p>\n","protected":false},"author":1,"featured_media":0,"parent":0,"menu_order":0,"comment_status":"closed","ping_status":"closed","template":"","meta":{"footnotes":""},"class_list":["post-869","page","type-page","status-publish","hentry","description-off"],"_links":{"self":[{"href":"https:\/\/ny-aa.com\/espanol\/wp-json\/wp\/v2\/pages\/869","targetHints":{"allow":["GET"]}}],"collection":[{"href":"https:\/\/ny-aa.com\/espanol\/wp-json\/wp\/v2\/pages"}],"about":[{"href":"https:\/\/ny-aa.com\/espanol\/wp-json\/wp\/v2\/types\/page"}],"author":[{"embeddable":true,"href":"https:\/\/ny-aa.com\/espanol\/wp-json\/wp\/v2\/users\/1"}],"replies":[{"embeddable":true,"href":"https:\/\/ny-aa.com\/espanol\/wp-json\/wp\/v2\/comments?post=869"}],"version-history":[{"count":4,"href":"https:\/\/ny-aa.com\/espanol\/wp-json\/wp\/v2\/pages\/869\/revisions"}],"predecessor-version":[{"id":914,"href":"https:\/\/ny-aa.com\/espanol\/wp-json\/wp\/v2\/pages\/869\/revisions\/914"}],"wp:attachment":[{"href":"https:\/\/ny-aa.com\/espanol\/wp-json\/wp\/v2\/media?parent=869"}],"curies":[{"name":"wp","href":"https:\/\/api.w.org\/{rel}","templated":true}]}}